9
Calculate the remainder when 14807996 is divided by 224.
28
What is the remainder when 36900647 is divided by 842?
839
Calculate the remainder when 17339371 is divided by 61.
60
Calculate the remainder when 560470 is divided by 185821.
3007
Calculate the remainder when 4607725 is divided by 75.
25
What is the remainder when 260748 is divided by 26022?
528
What is the remainder when 3027548 is divided by 1891?
57
Calculate the remainder when 2397 is divided by 44.
21
Calculate the remainder when 3395971 is divided by 25.
21
Calculate the remainder when 104393 is divided by 491.
301
Calculate the remainder when 4422508 is divided by 806.
792
What is the remainder when 6935 is divided by 110?
5
Calculate the remainder when 135586 is divided by 668.
650
Calculate the remainder when 1397814 is divided by 17.
6
Calculate the remainder when 791941 is divided by 395879.
183
What is the remainder when 129078894 is divided by 2?
0
What is the remainder when 52453448 is divided by 2497783?
5
What is the remainder when 674067 is divided by 3270?
447
What is the remainder when 650115 is divided by 27088?
3
Calculate the remainder when 278410 is divided by 17393.
122
Calculate the remainder when 71558 is divided by 4769.
23
Calculate the remainder when 196192971 is divided by 725.
721
What is the remainder when 34033 is divided by 3384?
193
What is the remainder when 134624444 is divided by 2159?
2158
What is the remainder when 9035566 is divided by 6?
4
Calculate the remainder when 399121904 is divided by 273.
272
What is the remainder when 17196 is divided by 269?
249
What is the remainder when 16093737 is divided by 47?
44
What is the remainder when 664400 is divided by 452?
412
Calculate the remainder when 2964306 is divided by 15359.
19
Calculate the remainder when 106157 is divided by 3747.
1241
Calculate the remainder when 1653915 is divided by 1653872.
43
Calculate the remainder when 17515017 is divided by 638.
3
What is the remainder when 152525 is divided by 1268?
365
What is the remainder when 53176 is divided by 2675?
2351
What is the remainder when 3592093 is divided by 394?
389
What is the remainder when 29919 is divided by 3753?
3648
Calculate the remainder when 255241 is divided by 406.
273
Calculate the remainder when 37886299 is divided by 55.
44
What is the remainder when 6416542 is divided by 31?
7
What is the remainder when 1945415 is divided by 164?
47
What is the remainder when 712840 is divided by 12082?
2
What is the remainder when 79473 is divided by 694?
357
What is the remainder when 84851 is divided by 42334?
183
Calculate the remainder when 229690 is divided by 20.
10
What is the remainder when 1218913 is divided by 93758?
59
What is the remainder when 65197865 is divided by 17?
9
What is the remainder when 19324 is divided by 4589?
968
Calculate the remainder when 22484184 is divided by 9491.
5
Calculate the remainder when 1714636 is divided by 4343.
3494
Calculate the remainder when 1247387 is divided by 178198.
1
What is the remainder when 29834722 is divided by 3667?
10
Calculate the remainder when 340647217 is divided by 873.
871
Calculate the remainder when 3298433 is divided by 13.
8
What is the remainder when 104801199 is divided by 50?
49
What is the remainder when 1083183 is divided by 115?
113
Calculate the remainder when 3793322 is divided by 3793192.
130
What is the remainder when 738116 is divided by 4530?
4256
Calculate the remainder when 7411 is divided by 3616.
179
Calculate the remainder when 8184174 is divided by 159.
126
What is the remainder when 47340953 is divided by 153?
152
What is the remainder when 1595058 is divided by 995?
73
Calculate the remainder when 1249445 is divided by 18.
11
What is the remainder when 5636437 is divided by 1878803?
28
What is the remainder when 1438976 is divided by 1438231?
745
What is the remainder when 173470 is divided by 24780?
10
What is the remainder when 843417 is divided by 76674?
3
Calculate the remainder when 640857 is divided by 220.
217
What is the remainder when 17146 is divided by 2078?
522
What is the remainder when 8645735 is divided by 17?
11
Calculate the remainder when 24228124 is divided by 119941.
42
Calculate the remainder when 9847631 is divided by 2015.
326
What is the remainder when 2615590 is divided by 58?
22
Calculate the remainder when 7690 is divided by 5003.
2687
Calculate the remainder when 5820221 is divided by 6225.
6071
Calculate the remainder when 8250221 is divided by 6.
5
What is the remainder when 4600837 is divided by 229?
227
What is the remainder when 48109433 is divided by 107?
93
Calculate the remainder when 4961743 is divided by 2480869.
5
Calculate the remainder when 8455399 is divided by 419.
398
Calculate the remainder when 706312 is divided by 117642.
460
Calculate the remainder when 516972 is divided by 509.
337
Calculate the remainder when 134633 is divided by 874.
37
What is the remainder when 45269173 is divided by 302?
279
Calculate the remainder when 914881 is divided by 14998.
3
What is the remainder when 13648 is divided by 4347?
607
Calculate the remainder when 898338538 is divided by 111.
109
Calculate the remainder when 1423972 is divided by 95.
17
Calculate the remainder when 2015448 is divided by 134358.
78
Calculate the remainder when 3116947 is divided by 779219.
71
Calculate the remainder when 24451 is divided by 2487.
2068
Calculate the remainder when 87200 is divided by 681.
32
What is the remainder when 7854651 is divided by 2618212?
15
What is the remainder when 4915106 is divided by 983019?
11
What is the remainder when 1823436 is divided by 336?
300
What is the remainder when 138722 is divided by 1027?
77
What is the remainder when 182614 is divided by 55?
14
What is the remainder when 10846195 is divided by 249?
4
What is the remainder when 1082000 is divided by 154481?
633
Calculate the remainder when 2509552 is divided by 103.
60
Calculate the remainder when 771191 is divided by 283.
16
What is the remainder when 141886 is divided by 10126?
122
Calculate the remainder when 94777296 is divided by 270.
6
What is the remainder when 31065 is divided by 1994?
1155
Calculate the remainder when 809362 is divided by 6736.
1042
What is the remainder when 1664194 is divided by 2104?
2034
What is the remainder when 37350 is divided by 6936?
2670
Calculate the remainder when 3838232 is divided by 961.
959
Calculate the remainder when 836930 is divided by 418395.
140
Calculate the remainder when 23458674 is divided by 24.
18
Calculate the remainder when 5055 is divided by 1167.
387
What is the remainder when 417585726 is divided by 1696?
1694
What is the remainder when 137440 is divided by 1187?
935
Calculate the remainder when 72025 is divided by 466.
261
What is the remainder when 4099354 is divided by 5105?
39
Calculate the remainder when 111970814 is divided by 42.
32
What is the remainder when 23072643 is divided by 221?
22
Calculate the remainder when 208142 is divided by 870.
212
Calculate the remainder when 112059167 is divided by 411.
17
What is the remainder when 6481480 is divided by 75?
55
What is the remainder when 1473342 is divided by 1469?
1404
Calculate the remainder when 1213 is divided by 818.
395
What is the remainder when 3835201 is divided by 874?
89
Calculate the remainder when 17299294 is divided by 2141.
14
What is the remainder when 231867 is divided by 57965?
7
Calculate the remainder when 27537 is divided by 146.
89
Calculate the remainder when 477189 is divided by 119295.
9
Calculate the remainder when 1536037 is divided by 383939.
281
What is the remainder when 427599 is divided by 1892?
7
What is the remainder when 2089688 is divided by 7?
6
Calculate the remainder when 54141 is divided by 722.
713
Calculate the remainder when 222900 is divided by 5305.
90
What is the remainder when 44265 is divided by 3533?
1869
What is the remainder when 1974221 is divided by 151863?
2
Calculate the remainder when 171761 is divided by 2927.
1995
What is the remainder when 29804 is divided by 14080?
1644
What is the remainder when 31468 is divided by 31467?
1
What is the remainder when 231074 is divided by 5621?
613
Calculate the remainder when 67799 is divided by 487.
106
Calculate the remai